{"id":32,"date":"2019-03-12T10:28:19","date_gmt":"2019-03-12T09:28:19","guid":{"rendered":"https:\/\/ubuabierta.fundacionubu.com\/?page_id=32"},"modified":"2022-03-07T16:36:54","modified_gmt":"2022-03-07T15:36:54","slug":"condiciones-generales-de-uso","status":"publish","type":"page","link":"https:\/\/ubuabierta.fundacionubu.com\/index.php\/condiciones-generales-de-uso\/","title":{"rendered":"Condiciones generales de uso"},"content":{"rendered":"<ol>\n<li><strong>IDENTIFICACI\u00d3N DE LAS PARTE<\/strong><\/li>\n<\/ol>\n<p>Las presentes Condiciones Generales de uso de los servicios ofrecidos en la URL <strong>fundacionubu.com<\/strong> (en adelante el PORTAL), son suscritas por el titular del dominio, <strong>FUNDACI\u00d3N GENERAL DE LA UNIVERSIDAD DE BURGOS<\/strong>, cuyo correo electr\u00f3nico de contacto es: <a href=\"mailto:fubuprotecciondatos@ubu.es\"><strong>fubuprotecciondatos@ubu.es<\/strong>.<\/a><\/p>\n<p>Se considera USUARIO, a las personas f\u00edsicas con capacidad para suscribir v\u00e1lidamente un contrato de acuerdo con la ley aplicable.<\/p>\n<p>Ud. no podr\u00e1 utilizar el sitio web y no podr\u00e1 aceptar las Condiciones si:<\/p>\n<ul>\n<li>no es mayor de edad y no puede formalizar un contrato vinculante conforme a derecho, o<\/li>\n<li>no reviste la calidad de USUARIO seg\u00fan lo expuesto.<\/li>\n<\/ul>\n<p>&nbsp;<\/p>\n<ol start=\"2\">\n<li><strong>PERFECCIONAMIENTO DEL ACUERDO<\/strong><\/li>\n<\/ol>\n<p>Para utilizar el PORTAL, deben aceptarse las presentes condiciones generales (en adelante, las Condiciones), as\u00ed como aquellas estipulaciones particulares recogidas para la utilizaci\u00f3n y\/o contrataci\u00f3n de servicios concretos. En caso contrario, deber\u00e1 abandonarse el PORTAL.<\/p>\n<p>&nbsp;<\/p>\n<p>Ud. podr\u00e1 aceptar las Condiciones:<\/p>\n<ul>\n<li>haciendo clic en el bot\u00f3n de aceptaci\u00f3n de las Condiciones, cuando se le ofrezca esta opci\u00f3n en la interfaz de usuario; o<\/li>\n<li>utilizando de forma efectiva el sitio web. Ud. reconoce y acepta que, la utilizaci\u00f3n del PORTAL se considerar\u00e1 como una aceptaci\u00f3n de las Condiciones.<\/li>\n<\/ul>\n<p>Se aconseja al USUARIO leer con detenimiento las presentes condiciones. Podr\u00e1 guardarlas o imprimirlas si as\u00ed lo desea.<\/p>\n<p>&nbsp;<\/p>\n<ol start=\"3\">\n<li><strong>\u00c1MBITO DE APLICACI\u00d3N<\/strong><\/li>\n<\/ol>\n<p>Las presentes condiciones generales ser\u00e1n de aplicaci\u00f3n a todos los servicios\/productos recogidos en la web fundacionubu.com.<\/p>\n<p>Los siguientes documentos se entienden incorporados a las presentes Condiciones por remisi\u00f3n desde las mismas:<\/p>\n<ul>\n<li>Aviso Legal<\/li>\n<li>Pol\u00edtica de Privacidad<\/li>\n<\/ul>\n<p>&nbsp;<\/p>\n<ol start=\"4\">\n<li><strong>USUARIOS Y SERVICIOS OFRECIDOS<\/strong><\/li>\n<\/ol>\n<p>El PORTAL presenta servicios abiertos a la totalidad del p\u00fablico que lo visita, y servicios restringidos, de acceso exclusivo para USUARIOS Registrados actual o posteriormente.<\/p>\n<p>El uso de los servicios ofrecidos en el web site queda sujeto a la previa aceptaci\u00f3n y cumplimiento de las Condiciones por el USUARIO.<\/p>\n<p>La calidad de USUARIO Registrado en su caso se adquiere completando el Formulario de Registro alojado en el sitio. Los datos all\u00ed recogidos formar\u00e1n parte de la base de datos de la ENTIDAD, que los utilizar\u00e1 conforme se describe en la Pol\u00edtica de Privacidad.<\/p>\n<p>El uso de los servicios ofrecidos en el sitio es gratuito salvo en su caso, en los servicios con coste cuyo detalle se reflejar\u00e1 en las \u201cCondiciones Particulares de Contrataci\u00f3n\u201d.<\/p>\n<p>&nbsp;<\/p>\n<ol start=\"5\">\n<li><strong>POL\u00cdTICA DE PRIVACIDAD<\/strong><\/li>\n<\/ol>\n<p>Los datos de car\u00e1cter personal facilitados a trav\u00e9s del PORTAL, ser\u00e1n tratados por la ENTIDAD para las finalidades descritas en las condiciones recogidas en la Pol\u00edtica de Privacidad, que queda incorporada a las presentes Condiciones de Uso por remisi\u00f3n desde este apartado.<\/p>\n<p>&nbsp;<\/p>\n<ol start=\"6\">\n<li><strong>POL\u00cdTICA DE COOKIES<\/strong><\/li>\n<\/ol>\n<p>Los datos personales recabados a trav\u00e9s de cookies ser\u00e1n tratados por <strong>FUNDACI\u00d3N GENERAL DE LA UNIVERSIDAD DE BURGOS<\/strong> en los t\u00e9rminos indicados en su Pol\u00edtica de Cookies, que queda incorporada a las presentes Condiciones Generales por remisi\u00f3n desde este apartado.<\/p>\n<p>&nbsp;<\/p>\n<ol start=\"7\">\n<li><strong>DERECHO DE DESISTIMIENTO<\/strong><\/li>\n<\/ol>\n<p>El derecho de desistimiento, regulado en la Ley General de Defensa de los Consumidores y Usuarios, modificada por la Ley 3\/2004, de 27 de marzo, es la facultad del consumidor y usuario de dejar sin efecto el contrato celebrado, notific\u00e1ndoselo as\u00ed a la otra parte contratante en el plazo establecido para el ejercicio de ese derecho, sin necesidad de justificar su decisi\u00f3n y sin penalizaci\u00f3n de ninguna clase.<\/p>\n<p>El usuario de\u00a0<strong>FUNDACI\u00d3N GENERAL DE LA UNIVERSIDAD DE BURGOS<\/strong>\u00a0tiene un plazo de 14 d\u00edas naturales para ejercer este derecho de desistimiento, a contar desde la recepci\u00f3n del producto, dirigi\u00e9ndose a la direcci\u00f3n, postal o electr\u00f3nica, se\u00f1alada con anterioridad, manifestando inequ\u00edvocamente que desea ejercer este derecho. Puede utilizar el siguiente modelo de solicitud:<\/p>\n<p><em>Por el presente documento, comunico mi decisi\u00f3n de ejercer el derecho de desistimiento de la compra del producto: \u2026\u2026\u2026\u2026\u2026\u2026\u2026\u2026\u2026\u2026\u2026\u2026\u2026\u2026\u2026\u2026\u2026\u2026\u2026\u2026\u2026\u2026\u2026\u2026\u2026\u2026\u2026\u2026\u2026\u2026\u2026\u2026\u2026\u2026\u2026\u2026\u2026\u2026\u2026\u2026\u2026\u2026\u2026\u2026\u2026\u2026\u2026\u2026\u2026\u2026\u2026\u2026\u2026\u2026<\/em><\/p>\n<ul>\n<li>Nombre y apellidos del usuario: \u2026\u2026\u2026\u2026\u2026\u2026\u2026\u2026\u2026\u2026\u2026\u2026\u2026\u2026\u2026\u2026\u2026\u2026\u2026\u2026\u2026\u2026\u2026\u2026\u2026\u2026\u2026\u2026.<\/li>\n<li>Domicilio del consumidor (si la empresa va a recoger el producto): \u2026\u2026\u2026\u2026\u2026\u2026\u2026\u2026\u2026\u2026\u2026\u2026\u2026\u2026\u2026\u2026\u2026\u2026\u2026\u2026\u2026\u2026\u2026\u2026\u2026\u2026\u2026\u2026\u2026\u2026\u2026\u2026\u2026\u2026\u2026\u2026\u2026\u2026\u2026\u2026\u2026\u2026\u2026\u2026\u2026\u2026\u2026\u2026\u2026\u2026\u2026\u2026<\/li>\n<li>N\u00famero de pedido: \u2026\u2026\u2026\u2026\u2026\u2026\u2026\u2026\u2026\u2026\u2026\u2026\u2026\u2026\u2026\u2026\u2026<\/li>\n<li>Fecha de compra: \u2026\u2026\u2026\u2026\u2026\u2026\u2026\u2026\u2026\u2026\u2026\u2026\u2026\u2026\u2026\u2026\u2026..<\/li>\n<li>Fecha de recepci\u00f3n del producto: \u2026\u2026\u2026\u2026\u2026\u2026\u2026\u2026\u2026\u2026\u2026\u2026\u2026\u2026.<\/li>\n<li>N\u00famero de cuenta: \u2026\u2026\u2026\u2026\u2026\u2026\u2026\u2026\u2026\u2026\u2026\u2026\u2026\u2026\u2026\u2026\u2026\u2026\u2026\u2026\u2026\u2026\u2026\u2026\u2026\u2026<\/li>\n<li>En \u2026\u2026\u2026\u2026\u2026\u2026\u2026\u2026\u2026\u2026\u2026\u2026\u2026\u2026\u2026\u2026, a \u2026\u2026. de \u2026\u2026\u2026\u2026\u2026\u2026\u2026\u2026\u2026\u2026.. de \u2026\u2026.\u2026<\/li>\n<\/ul>\n<p><strong>FUNDACI\u00d3N GENERAL DE LA UNIVERSIDAD DE BURGOS<\/strong> informa al usuario que en el caso de cursos ya comenzados no tiene obligaci\u00f3n de enviar al consumidor un documento de desistimiento para poder revocar la contrataci\u00f3n del servicio ofrecido a trav\u00e9s de nuestra web en los plazos legales, al encontrarse dentro de las excepciones establecidas en el Art\u00edculo 102 y 103 del Real Decreto Legislativo 1\/2007, de 16 de noviembre, por el que se aprueba el texto refundido de la Ley General para la Defensa de los Consumidores y Usuarios y otras leyes complementarias, en virtud de los cuales se establece que no cabe el derecho de desistimiento en los contratos de \u201csuministro de contenido digital que no se preste en un soporte material cuando la ejecuci\u00f3n haya comenzado con el previo consentimiento expreso del consumidor y usuario con el conocimiento por su parte de que en consecuencia pierde su derecho de desistimiento\u201d.<\/p>\n<p>&nbsp;<\/p>\n<ol start=\"8\">\n<li><strong>PRECIO DE LOS PRODUCTOS OFRECIDOS E IMPUESTOS<\/strong><\/li>\n<\/ol>\n<p>Los precios publicados en este portal son en Euros y son vigentes salvo error tipogr\u00e1fico. Todos los precios llevan el IVA incluido aplicable en el d\u00eda del pedido, cualquier cambio de tasa de IVA ser\u00e1 aplicado autom\u00e1ticamente a los precios de los productos.<\/p>\n<p>&nbsp;<\/p>\n<h4>9.\u00a0\u00a0\u00a0\u00a0\u00a0\u00a0 <u>DIFERENTES MODOS DE PAGO<\/u><\/h4>\n<p>Al formular el pedido, el cliente puede elegir libremente abonar la compra que realice en el PORTAL mediante:<\/p>\n<ul>\n<li>Sistema de pago electr\u00f3nico: El pago se efectuar\u00e1 con su tarjeta de cr\u00e9dito o d\u00e9bito a trav\u00e9s de la pasarela de pago de comercio electr\u00f3nico de Caixabank.<\/li>\n<li>Pago con tarjeta de cr\u00e9dito en la Secretar\u00eda del Centro de Idiomas, en el plazo de cinco d\u00edas h\u00e1biles a la fecha de inscripci\u00f3n.<\/li>\n<li>Realizando un ingreso o transferencia, en el plazo de cinco d\u00edas h\u00e1biles a la fecha de inscripci\u00f3n, con los siguientes datos:\n<ul>\n<li>Beneficiario: Fundaci\u00f3n General de la Universidad de Burgos<\/li>\n<li>CIF: G09343500<\/li>\n<li>Concepto: su nombre completo y DNI.\n<ul>\n<li>Entidad: Caixabank\n<ul>\n<li>N\u00famero de cuenta: ES39 2100 9168 6122 0005 6722<\/li>\n<\/ul>\n<\/li>\n<\/ul>\n<\/li>\n<\/ul>\n<\/li>\n<\/ul>\n<p>&nbsp;<\/p>\n<h4>10.\u00a0\u00a0\u00a0\u00a0 <u>POL\u00cdTICA DE DEVOLUCI\u00d3N Y ANULACI\u00d3N DE LA MATR\u00cdCULA<\/u><\/h4>\n<p>Las devoluciones de matr\u00edcula se realizar\u00e1n siempre mediante transferencia bancaria. No se reintegrar\u00e1 el importe de la matr\u00edcula una vez iniciado el curso en ning\u00fan caso.<\/p>\n<h5><strong>Centro de Lenguas Modernas<\/strong><\/h5>\n<p>La solicitud de devoluci\u00f3n de matr\u00edcula deber\u00e1 realizarse de forma presencial en las oficinas administrativas de la Fundaci\u00f3n General de la Universidad de Burgos (Calle Parralillos s\/n, Facultad de Econ\u00f3micas, planta baja, despacho 75-78, 09001 Burgos). Para formalizarla deber\u00e1 cumplimentar la solicitud y presentar fotocopia de la matr\u00edcula, del ingreso, del DNI y de la cuenta bancaria. Si la solicitud se cursa hasta 7 d\u00edas naturales antes del comienzo de clase, se le reembolsar\u00e1 el 100% de la matr\u00edcula. En el caso de grupos cancelados por el Centro, siempre proceder\u00e1 la devoluci\u00f3n.<\/p>\n<h5><strong>Formaci\u00f3n presencial<\/strong><\/h5>\n<p><strong>FUNDACI\u00d3N GENERAL DE LA UNIVERSIDAD DE BURGOS<\/strong> reintegrar\u00e1 a los alumnos las cantidades abonadas \u00fanica y exclusivamente en los siguientes casos:<\/p>\n<ul>\n<li>Cuando la solicitud de devoluci\u00f3n de matr\u00edcula se realice como m\u00ednimo 7 d\u00edas naturales antes del inicio del curso.<\/li>\n<li>En los supuestos de retrasos de inicio de cursos si el alumno no est\u00e1 interesado en continuar en el mismo y lo comunica c\u00f3mo m\u00ednimo 7 d\u00edas antes del inicio.<\/li>\n<li>En el caso de grupos cancelados por el Centro, siempre proceder\u00e1 la devoluci\u00f3n.<\/li>\n<\/ul>\n<p>La solicitud de devoluci\u00f3n podr\u00e1 formalizarse en las oficinas administrativas de la Fundaci\u00f3n General de la Universidad de Burgos de forma presencial (Calle Parralillos s\/n, Facultad de Econ\u00f3micas, planta baja, despacho 75-78, 09001 Burgos), cumplimentando el documento que se le facilitar\u00e1 y presentando fotocopia de la matr\u00edcula, del ingreso, del DNI y de la cuenta bancaria o solicit\u00e1ndola al correo fundacion.ubu@ubu.es, indicando apellido y nombre, DNI y curso en el que est\u00e1 matriculado.<\/p>\n<h5><strong>Formaci\u00f3n online<\/strong><\/h5>\n<p><strong>FUNDACI\u00d3N GENERAL DE LA UNIVERSIDAD DE BURGOS<\/strong> reintegrar\u00e1 a los alumnos las cantidades abonadas \u00fanica y exclusivamente en los siguientes casos:<\/p>\n<ul>\n<li>Cuando la solicitud de devoluci\u00f3n de matr\u00edcula se realice como m\u00ednimo 7 d\u00edas naturales antes del inicio del curso.<\/li>\n<li>En los supuestos de retrasos de inicio de cursos si el alumno no est\u00e1 interesado en continuar en el mismo y lo comunica c\u00f3mo m\u00ednimo 7 d\u00edas antes del inicio.<\/li>\n<li>En el caso de grupos cancelados por el Centro, siempre proceder\u00e1 la devoluci\u00f3n.<\/li>\n<\/ul>\n<p>&nbsp;<\/p>\n<ol start=\"11\">\n<li><strong>RESPONSABILIDADES<\/strong><\/li>\n<\/ol>\n<p><u>Del portal<\/u>:<\/p>\n<p>No se har\u00e1 responsable, directa ni subsidiariamente de:<\/p>\n<ul>\n<li>La calidad del servicio, pues se prestan \u201ctal cual\u201d y la ENTIDAD no otorga ninguna garant\u00eda con respecto a los mismos.<\/li>\n<li>Los da\u00f1os que puedan causarse en los equipos del usuario por la utilizaci\u00f3n del portal.<\/li>\n<li>Los vicios y defectos de toda clase de los contenidos transmitidos, difundidos, almacenados o puestos a disposici\u00f3n.<\/li>\n<\/ul>\n<p>La ENTIDAD se hace responsable de los cambios en los precios de los productos\/servicios que ofrezca y de notificar a los usuarios\/clientes en el plazo m\u00e1s breve posible por comunicaci\u00f3n personal o a trav\u00e9s de la actualizaci\u00f3n de los contenidos en el PORTAL.<\/p>\n<p><u>Del usuario:<\/u><\/p>\n<p>El usuario\/cliente ser\u00e1 responsable:<\/p>\n<ul>\n<li>De los datos e informaciones introducidos y enviados a la ENTIDAD en los formularios disponibles.<\/li>\n<li>De la realizaci\u00f3n de cualquier tipo de actuaci\u00f3n il\u00edcita, lesiva de derechos, nociva y\/o perjudicial.<\/li>\n<\/ul>\n<p>&nbsp;<\/p>\n<ol start=\"12\">\n<li><strong>PROPIEDAD INTELECTUAL E INDUSTRIAL<\/strong><\/li>\n<\/ol>\n<p>La totalidad de esta web: texto, im\u00e1genes, marcas, gr\u00e1ficos, logotipos, botones, archivos de software, combinaciones de colores, estructura, selecci\u00f3n, ordenaci\u00f3n y presentaci\u00f3n de sus contenidos, c\u00f3digos objeto y fuente; son propiedad de la ENTIDAD o de terceros, quedando prohibida su reproducci\u00f3n, distribuci\u00f3n, comunicaci\u00f3n p\u00fablica y transformaci\u00f3n, salvo para uso personal y privado, debiendo el USUARIO respetar lo estipulado en el Aviso Legal que consta en el PORTAL, y que queda incorporado a las presentes Condiciones por remisi\u00f3n desde este apartado.<\/p>\n<p>&nbsp;<\/p>\n<ol start=\"13\">\n<li><strong>MENORES DE EDAD<\/strong><\/li>\n<\/ol>\n<p>Los menores de edad deben solicitar y obtener el permiso de sus padres, tutor o representante legal antes de poder acceder a los contenidos alojados en el PORTAL. Queda prohibido el acceso y uso del portal a los menores de edad no autorizados.<\/p>\n<p>La ENTIDAD recuerda a los usuarios mayores de edad que tengan a su cargo menores, que ser\u00e1 de su exclusiva responsabilidad determinar qu\u00e9 servicios y\/o contenidos son apropiados para estos \u00faltimos; y les informa sobre la existencia de programas inform\u00e1ticos para acotar la navegaci\u00f3n, mediante el filtro o bloqueo a determinados contenidos.<\/p>\n<p>&nbsp;<\/p>\n<ol start=\"14\">\n<li><strong>FUERO<\/strong><\/li>\n<\/ol>\n<p>Las presentes condiciones est\u00e1n redactadas en espa\u00f1ol, y se encuentran sometidas a la legislaci\u00f3n espa\u00f1ola vigente. Para cualquier tipo de controversia derivada de la utilizaci\u00f3n de los servicios ofrecidos o de los contenidos propios del portal las partes, con la aceptaci\u00f3n de estas Condiciones, se someter\u00e1n a los Tribunales y Juzgados competentes del pa\u00eds donde\u00a0LA ENTIDAD\u00a0tiene su sede social (a excepci\u00f3n de sus disposiciones sobre conflicto de leyes), excluy\u00e9ndose expresamente la aplicaci\u00f3n de la Convenci\u00f3n de las Naciones Unidas sobre los Contratos de Compraventa Internacional de Mercader\u00edas. Si eres un consumidor y tienes tu residencia habitual en la Uni\u00f3n Europea, tambi\u00e9n contar\u00e1s con la protecci\u00f3n que pueda ofrecerte cualquier disposici\u00f3n imperativa de la legislaci\u00f3n de tu pa\u00eds de residencia. Ambas partes acordamos someternos a la jurisdicci\u00f3n no exclusiva de los tribunales espa\u00f1oles, lo que significa que podr\u00e1s reclamar tus derechos como consumidor en relaci\u00f3n con las presentes Condiciones de Uso tanto en Espa\u00f1a como en tu Estado Miembro de residencia en la Uni\u00f3n Europea.<\/p>\n<p>RESOLUCI\u00d3N DE CONFLICTOS ONLINE<\/p>\n<p>Le recordamos que en caso de que usted sea persona f\u00edsica que act\u00fae con fines ajenos a sus actividades comerciales o empresariales, a su oficio o a su profesi\u00f3n, puede acudir a la plataforma de resoluci\u00f3n de litigios en l\u00ednea que puede encontrar en el siguiente enlace:<\/p>\n<p><a href=\"http:\/\/ec.europa.eu\/consumers\/odr\/\">http:\/\/ec.europa.eu\/consumers\/odr\/<\/a><\/p>\n<ol start=\"15\">\n<li><strong>CONDICIONES ADICIONALES<\/strong><\/li>\n<\/ol>\n<p>Si alguna disposici\u00f3n de estas Condiciones se considera inv\u00e1lida o inejecutable, dicha disposici\u00f3n ser\u00e1 eliminada quedando en vigor el resto del clausulado. Los t\u00edtulos de los apartados deben entenderse a los solos efectos de referencias, y de ning\u00fan modo definen, limitan, interpretan o describen el \u00e1mbito o extensi\u00f3n del apartado correspondiente.<\/p>\n","protected":false},"excerpt":{"rendered":"<p>IDENTIFICACI\u00d3N DE LAS PARTE Las presentes Condiciones Generales de uso de los servicios ofrecidos en la URL fundacionubu.com (en adelante el PORTAL), son suscritas por el titular del dominio, FUNDACI\u00d3N GENERAL DE LA UNIVERSIDAD DE BURGOS, cuyo correo electr\u00f3nico de contacto es: fubuprotecciondatos@ubu.es. Se considera USUARIO, a las personas f\u00edsicas con capacidad para suscribir v\u00e1lidamente [&hellip;]<\/p>\n","protected":false},"author":12091,"featured_media":0,"parent":0,"menu_order":0,"comment_status":"closed","ping_status":"closed","template":"","meta":[],"acf":[],"_links":{"self":[{"href":"https:\/\/ubuabierta.fundacionubu.com\/index.php\/wp-json\/wp\/v2\/pages\/32"}],"collection":[{"href":"https:\/\/ubuabierta.fundacionubu.com\/index.php\/wp-json\/wp\/v2\/pages"}],"about":[{"href":"https:\/\/ubuabierta.fundacionubu.com\/index.php\/wp-json\/wp\/v2\/types\/page"}],"author":[{"embeddable":true,"href":"https:\/\/ubuabierta.fundacionubu.com\/index.php\/wp-json\/wp\/v2\/users\/12091"}],"replies":[{"embeddable":true,"href":"https:\/\/ubuabierta.fundacionubu.com\/index.php\/wp-json\/wp\/v2\/comments?post=32"}],"version-history":[{"count":4,"href":"https:\/\/ubuabierta.fundacionubu.com\/index.php\/wp-json\/wp\/v2\/pages\/32\/revisions"}],"predecessor-version":[{"id":13906,"href":"https:\/\/ubuabierta.fundacionubu.com\/index.php\/wp-json\/wp\/v2\/pages\/32\/revisions\/13906"}],"wp:attachment":[{"href":"https:\/\/ubuabierta.fundacionubu.com\/index.php\/wp-json\/wp\/v2\/media?parent=32"}],"curies":[{"name":"wp","href":"https:\/\/api.w.org\/{rel}","templated":true}]}}