{"id":36,"date":"2019-03-12T10:33:08","date_gmt":"2019-03-12T09:33:08","guid":{"rendered":"https:\/\/ubuabierta.fundacionubu.com\/?page_id=36"},"modified":"2022-03-14T17:17:13","modified_gmt":"2022-03-14T16:17:13","slug":"aviso-legal","status":"publish","type":"page","link":"https:\/\/ubuabierta.fundacionubu.com\/index.php\/aviso-legal\/","title":{"rendered":"Aviso Legal"},"content":{"rendered":"<p>En cumplimiento con el deber de informaci\u00f3n recogido en el art\u00edculo 10 de la Ley 34\/2002, de 11 de julio, de Servicios de la Sociedad de la Informaci\u00f3n y de Comercio Electr\u00f3nico, le informamos que la URL <a href=\"https:\/\/ubuabierta.fundacionubu.com\"><strong>https:\/\/ubuabierta.fundacionubu.com<\/strong><\/a> (en adelante el PORTAL) es un dominio:<\/p>\n<p><strong>Propiedad de<\/strong>: FUNDACI\u00d3N GENERAL DE LA UNIVERSIDAD DE BURGOS<\/p>\n<p><strong>CIF<\/strong>: G09343500<\/p>\n<p><strong>Domicilio<\/strong>: C\/ HOSPITAL DEL REY, S\/N; 09001 BURGOS<\/p>\n<p><strong>Tel\u00e9fono<\/strong><strong>: <\/strong>947 258 055<\/p>\n<p><strong>Correo electr\u00f3nico<\/strong>: <a href=\"mailto:fundacion.ubu@ubu.es\">fundacion.ubu@ubu.es<\/a><\/p>\n<p><strong>Correo electr\u00f3nico para protecci\u00f3n de datos<\/strong>: <a href=\"mailto:fubuprotecciondatos@ubu.es\">fubuprotecciondatos@ubu.es<\/a><\/p>\n<p><strong>Datos registrales<\/strong><strong>: <\/strong>inscrita en el Registro de Fundaciones de la Junta de Castilla y Le\u00f3n, n\u00ba de registro 52, Orden de 28 de Julio de 1998 de la Consejer\u00eda de Educaci\u00f3n y Cultura, como FUNDACI\u00d3N GENERAL DE LA UNIVERSIDAD DE BURGOS.<\/p>\n<p>El presente aviso legal regula las condiciones de uso del citado portal de Internet.<\/p>\n<p>Todas las marcas, nombres comerciales o signos distintivos de cualquier clase que aparecen en el PORTAL son propiedad de <strong>FUNDACI\u00d3N GENERAL DE LA UNIVERSIDAD DE BURGOS<\/strong> (en adelante LA ENTIDAD) o de terceros, sin que pueda entenderse que el uso o acceso al sitio y\/o a los servicios, atribuya al usuario derecho alguno sobre las citadas marcas, nombres comerciales y\/o signos distintivos.<\/p>\n<p>Asimismo, los contenidos publicados en la web, su dise\u00f1o gr\u00e1fico, im\u00e1genes, bases de datos y c\u00f3digo fuente son propiedad intelectual de la ENTIDAD o de terceros, sin que puedan entenderse cedidos al usuario, en virtud de lo establecido en este Aviso Legal, ninguno de los derechos de explotaci\u00f3n que existen o puedan existir sobre dichos contenidos m\u00e1s all\u00e1 de lo estrictamente necesario para el correcto uso del PORTAL y de los servicios que se prestan a trav\u00e9s de \u00e9l.<\/p>\n<p>Le recordamos que en caso de que usted sea persona f\u00edsica que act\u00fae con fines ajenos a sus actividades comerciales o empresariales, a su oficio o a su profesi\u00f3n, puede acudir a la plataforma de resoluci\u00f3n de litigios en l\u00ednea que puede encontrar en el siguiente enlace: <a href=\"http:\/\/ec.europa.eu\/consumers\/odr\/\">http:\/\/ec.europa.eu\/consumers\/odr\/<\/a><\/p>\n<p>El acceso a este web site es responsabilidad exclusiva de los usuarios. El simple acceso al PORTAL no supone entablar ning\u00fan tipo de relaci\u00f3n de car\u00e1cter comercial entre la ENTIDAD y el usuario.<\/p>\n","protected":false},"excerpt":{"rendered":"<p>En cumplimiento con el deber de informaci\u00f3n recogido en el art\u00edculo 10 de la Ley 34\/2002, de 11 de julio, de Servicios de la Sociedad de la Informaci\u00f3n y de Comercio Electr\u00f3nico, le informamos que la URL https:\/\/ubuabierta.fundacionubu.com (en adelante el PORTAL) es un dominio: Propiedad de: FUNDACI\u00d3N GENERAL DE LA UNIVERSIDAD DE BURGOS CIF: [&hellip;]<\/p>\n","protected":false},"author":12091,"featured_media":0,"parent":0,"menu_order":0,"comment_status":"closed","ping_status":"closed","template":"","meta":[],"acf":[],"_links":{"self":[{"href":"https:\/\/ubuabierta.fundacionubu.com\/index.php\/wp-json\/wp\/v2\/pages\/36"}],"collection":[{"href":"https:\/\/ubuabierta.fundacionubu.com\/index.php\/wp-json\/wp\/v2\/pages"}],"about":[{"href":"https:\/\/ubuabierta.fundacionubu.com\/index.php\/wp-json\/wp\/v2\/types\/page"}],"author":[{"embeddable":true,"href":"https:\/\/ubuabierta.fundacionubu.com\/index.php\/wp-json\/wp\/v2\/users\/12091"}],"replies":[{"embeddable":true,"href":"https:\/\/ubuabierta.fundacionubu.com\/index.php\/wp-json\/wp\/v2\/comments?post=36"}],"version-history":[{"count":4,"href":"https:\/\/ubuabierta.fundacionubu.com\/index.php\/wp-json\/wp\/v2\/pages\/36\/revisions"}],"predecessor-version":[{"id":14013,"href":"https:\/\/ubuabierta.fundacionubu.com\/index.php\/wp-json\/wp\/v2\/pages\/36\/revisions\/14013"}],"wp:attachment":[{"href":"https:\/\/ubuabierta.fundacionubu.com\/index.php\/wp-json\/wp\/v2\/media?parent=36"}],"curies":[{"name":"wp","href":"https:\/\/api.w.org\/{rel}","templated":true}]}}