{"id":7,"date":"2019-03-12T09:46:31","date_gmt":"2019-03-12T08:46:31","guid":{"rendered":"https:\/\/ubuabierta.fundacionubu.com\/index.php\/carrito\/"},"modified":"2021-05-04T23:36:48","modified_gmt":"2021-05-04T21:36:48","slug":"carrito","status":"publish","type":"page","link":"https:\/\/ubuabierta.fundacionubu.com\/index.php\/carrito\/","title":{"rendered":"Matr\u00edcula"},"content":{"rendered":"\n<div style=\"text-align:right\">\nSi tienes alg\u00fan problema t\u00e9cnico, ll\u00e1manos al <a href=\"tel:601492522\">601 492 522<\/a>\n<\/div>\n","protected":false},"excerpt":{"rendered":"<p>Si tienes alg\u00fan problema t\u00e9cnico, ll\u00e1manos al 601 492 522<\/p>\n","protected":false},"author":12091,"featured_media":0,"parent":0,"menu_order":0,"comment_status":"closed","ping_status":"closed","template":"template-fullwidth.php","meta":[],"acf":[],"_links":{"self":[{"href":"https:\/\/ubuabierta.fundacionubu.com\/index.php\/wp-json\/wp\/v2\/pages\/7"}],"collection":[{"href":"https:\/\/ubuabierta.fundacionubu.com\/index.php\/wp-json\/wp\/v2\/pages"}],"about":[{"href":"https:\/\/ubuabierta.fundacionubu.com\/index.php\/wp-json\/wp\/v2\/types\/page"}],"author":[{"embeddable":true,"href":"https:\/\/ubuabierta.fundacionubu.com\/index.php\/wp-json\/wp\/v2\/users\/12091"}],"replies":[{"embeddable":true,"href":"https:\/\/ubuabierta.fundacionubu.com\/index.php\/wp-json\/wp\/v2\/comments?post=7"}],"version-history":[{"count":4,"href":"https:\/\/ubuabierta.fundacionubu.com\/index.php\/wp-json\/wp\/v2\/pages\/7\/revisions"}],"predecessor-version":[{"id":9992,"href":"https:\/\/ubuabierta.fundacionubu.com\/index.php\/wp-json\/wp\/v2\/pages\/7\/revisions\/9992"}],"wp:attachment":[{"href":"https:\/\/ubuabierta.fundacionubu.com\/index.php\/wp-json\/wp\/v2\/media?parent=7"}],"curies":[{"name":"wp","href":"https:\/\/api.w.org\/{rel}","templated":true}]}}