{"id":28454,"date":"2026-01-21T09:59:43","date_gmt":"2026-01-21T08:59:43","guid":{"rendered":"https:\/\/ubuabierta.fundacionubu.com\/?post_type=product&#038;p=28454"},"modified":"2026-01-23T14:45:36","modified_gmt":"2026-01-23T13:45:36","slug":"presencial-curso-de-introduccion-al-voluntariado-y-al-compromiso-social-manana-viii-edicion","status":"publish","type":"product","link":"https:\/\/ubuabierta.fundacionubu.com\/index.php\/producto\/presencial-curso-de-introduccion-al-voluntariado-y-al-compromiso-social-manana-viii-edicion\/","title":{"rendered":"PRESENCIAL. Curso de introducci\u00f3n al voluntariado y al compromiso social (MA\u00d1ANA). VIII edici\u00f3n"},"content":{"rendered":"<p><img loading=\"lazy\" class=\"alignnone size-medium wp-image-650\" src=\"https:\/\/ubuabierta.fundacionubu.com\/wp-content\/uploads\/2019\/05\/logo_abierta_inicio-300x105.jpg\" alt=\"\" width=\"300\" height=\"105\" srcset=\"https:\/\/ubuabierta.fundacionubu.com\/wp-content\/uploads\/2019\/05\/logo_abierta_inicio-300x105.jpg 300w, https:\/\/ubuabierta.fundacionubu.com\/wp-content\/uploads\/2019\/05\/logo_abierta_inicio-416x146.jpg 416w, https:\/\/ubuabierta.fundacionubu.com\/wp-content\/uploads\/2019\/05\/logo_abierta_inicio.jpg 468w\" sizes=\"(max-width: 300px) 100vw, 300px\" \/><\/p>\n","protected":false},"excerpt":{"rendered":"","protected":false},"featured_media":24851,"template":"","meta":[],"product_cat":[18],"product_tag":[],"acf":[],"_links":{"self":[{"href":"https:\/\/ubuabierta.fundacionubu.com\/index.php\/wp-json\/wp\/v2\/product\/28454"}],"collection":[{"href":"https:\/\/ubuabierta.fundacionubu.com\/index.php\/wp-json\/wp\/v2\/product"}],"about":[{"href":"https:\/\/ubuabierta.fundacionubu.com\/index.php\/wp-json\/wp\/v2\/types\/product"}],"wp:featuredmedia":[{"embeddable":true,"href":"https:\/\/ubuabierta.fundacionubu.com\/index.php\/wp-json\/wp\/v2\/media\/24851"}],"wp:attachment":[{"href":"https:\/\/ubuabierta.fundacionubu.com\/index.php\/wp-json\/wp\/v2\/media?parent=28454"}],"wp:term":[{"taxonomy":"product_cat","embeddable":true,"href":"https:\/\/ubuabierta.fundacionubu.com\/index.php\/wp-json\/wp\/v2\/product_cat?post=28454"},{"taxonomy":"product_tag","embeddable":true,"href":"https:\/\/ubuabierta.fundacionubu.com\/index.php\/wp-json\/wp\/v2\/product_tag?post=28454"}],"curies":[{"name":"wp","href":"https:\/\/api.w.org\/{rel}","templated":true}]}}